*y = 15*y - 2*v - 147. What is the remainder when y is divided by c?
9
Let q = -1341 - -1553. Calculate the remainder when q is divided by 18.
14
Let l = 159 + -102. Let y = -406 + 850. Calculate the remainder when l is divided by y/22 + (-4)/22.
17
Suppose 4*g = g + 33. Suppose 2*j - 2 = j. Suppose -j*k = -3*h - 8 + 100, k + 126 = 4*h. Calculate the remainder when h is divided by g.
10
Let m = -9 - -15. Let b(o) = -3*o. Let j be b(-3). Suppose 0 = 3*d - 36 + j. Calculate the remainder when d is divided by m.
3
Suppose -2*r = 2*r - 12. Let l = r + 1. What is the remainder when 63 is divided by 32/((l - 3) + 0)?
31
Let m = 39 - 98. Let w = m - 25. Calculate the remainder when 17 is divided by w/(-16) + 3/(-12).
2
Calculate the remainder when (-482)/(-6) + (-10)/(-15) is divided by 32.
17
Suppose -332 = 6*a - 416. Let g(h) = 4*h + 8. Calculate the remainder when g(8) is divided by a.
12
Suppose -73*l = -78*l + 180. Calculate the remainder when 358 is divided by l.
34
Let p(u) = -14*u + 10. Let c(j) = j - 1. Let b(w) = -5*c(w) - p(w). What is the remainder when b(2) is divided by 8?
5
Suppose -6*n - 26 + 128 = 0. Suppose -2*f + s - 151 = 0, -f + 4*f + 216 = 5*s. Let d = 144 + f. What is the remainder when d is divided by n?
16
What is the remainder when 24 is divided by ((-15)/12 + 3)/((-9)/(-36))?
3
Suppose -64 = -2*r + 4. What is the remainder when 58 is divided by r?
24
Let z be ((-4)/(-13))/2 + (-1712)/(-26). Let y = -61 + z. What is the remainder when 24 is divided by y?
4
What is the remainder when ((-12)/(-9)*3)/((-92)/(-2047)) is divided by 47?
42
Let x = -88 - -92. Suppose -x*g + 3*f = -2*f - 283, 5*f = -15. What is the remainder when g is divided by 12?
7
Let m = -18 - -35. Let y(c) = -c + 5. Let v be y(-12). Let b = -7 + v. What is the remainder when m is divided by b?
7
Let k = 17 + -23. Let w = k - -27. What is the remainder when 41 is divided by w/2 - (-8)/16?
8
Let k(t) be the second derivative of t**3/6 + 35*t**2/2 - 40*t. Calculate the remainder when k(0) is divided by 12.
11
Let u(s) = -2*s - 9. Let x be u(-5). Let h = x + -1. Suppose -4*v = -h*v - 88. Calculate the remainder when 64 is divided by v.
20
Calculate the remainder when 105 is divided by 1/(-4) - 6525/(-180).
33
Calculate the remainder when (-14)/(-21) + 253/3 is divided by 9.
4
Suppose -17*x + 3597 + 2506 = 0. What is the remainder when x is divided by 52?
47
Let o(f) be the second derivative of f**4/12 + f**3/2 + 3*f**2/2 - 12*f. Calculate the remainder when o(6) is divided by 12.
9
Suppose -5*k + 13*k + 144 = 0. Let p = 29 + k. Suppose -5 = -2*d + 5. What is the remainder when p is divided by d?
1
Let i(z) = 7*z**2. Suppose 3*x - 6*x = -141. Let p = x + -28. What is the remainder when p is divided by i(1)?
5
Suppose -22*n + 30*n - 32 = 0. What is the remainder when 17 is divided by n?
1
Let c(p) = -4*p - 12. Let y(f) = -3. Let v(s) = c(s) - 2*y(s). Let o be (33/9)/((-3)/9). What is the remainder when v(o) is divided by 13?
12
Let q(f) = -4*f. Suppose -w = -5*a + 36, -2 + 19 = 2*a - 3*w. What is the remainder when q(-3) is divided by a?
5
Let z = 5 - 3. Let j be (8/(-6))/(4 - (-14)/(-3)). What is the remainder when 31 is divided by (-3 + 5)*(z + j)?
7
Suppose 32*n = 12*n + 5820. Calculate the remainder when n is divided by 61.
47
Suppose 4*k = -2*j - 10, 4*j + 5*k = 8 - 16. Calculate the remainder when 22 is divided by j.
1
Let g(h) = h**3 - h**2 - 3*h + 5. Let y be g(2). Suppose 0 = 5*n + x - 290, -4*n + y*x = -96 - 155. Calculate the remainder when n is divided by 21.
17
Suppose 2*k + 3*g = 2*g + 39, -10 = -2*g. Suppose 0 = -4*r - 206 + 594. Let l = -93 + r. What is the remainder when k is divided by l?
1
Calculate the remainder when 4*-21*(-400)/140 is divided by 78.
6
Let t = -14 + 36. What is the remainder when (-9)/(-6)*8/3*9 is divided by t?
14
Let i = -24 - -78. Calculate the remainder when -3 - (-366)/i - (-2)/9 is divided by 2.
0
Let k(y) = y**3 + 2*y**2 - y + 5. Let d be k(0). Suppose 0 = -d*p - 3*p + 200. What is the remainder when 123 is divided by p?
23
Suppose 0 = -8*p + 6*p + 10. What is the remainder when (p/10)/(2/84) is divided by 12?
9
Suppose -5*d + 2*v = -82, 0 = 2*d - 7*v + 3*v - 36. Calculate the remainder when 111 is divided by d.
15
Let x(g) = -2*g**2 + 2*g + 11. Let h be x(6). What is the remainder when (-3983)/h - 4/14 is divided by 21?
18
Suppose -s + 1 = -3*n, -3*s + 2*n - 16 = -4*s. Suppose -15*f + 13*f + s = 0. What is the remainder when (8/(-10))/((-4)/110) is divided by f?
2
Suppose -117*t = -120*t + 45. Calculate the remainder when (-1 - -4 - 0)*6 is divided by t.
3
Suppose -96*z + 100*z + n - 229 = 0, -107 = -2*z - 3*n. What is the remainder when 280 is divided by z?
48
Suppose 0*p + 4*p - 96 = 0. Let n = -102 + -68. Let x = 264 + n. Calculate the remainder when x is divided by p.
22
Suppose 3 = -l + 6. Let x = -18 - -22. Let o = x - -3. What is the remainder when o is divided by l?
1
Let i(l) = l**2 - 14*l + 66. Calculate the remainder when 75 is divided by i(10).
23
Let j(v) = -26*v. Let a = -16 + 11. Let r be j(a). Suppose 2*f - r = -2*f + 2*u, 4*f - 125 = u. What is the remainder when f is divided by 11?
8
Suppose -y - 600 + 640 = 0. What is the remainder when y is divided by 13?
1
Let j(x) = x**2 + 27*x + 14. Let z be j(-27). Suppose -z*i - 207 = -23*i. Calculate the remainder when 90 is divided by i.
21
Let i = -56 + 63. Suppose 3 = -3*r, 3*r = 2*z - 0*z - 11. Suppose -z*m = 3*b - 104, 5*b + 99 + 31 = 5*m. What is the remainder when m is divided by i?
5
Suppose -4*q + 3*k + 13 = 0, -1 = -4*q + 2*k + 17. Let h(d) = -d**3 - 3*d**2 - 3*d + 4. Calculate the remainder when h(-3) is divided by q.
6
Let t(l) = l**2 - 22*l + 57. Let y be t(19). Let u = -2 + 4. Suppose 4*g + 16 = y, -u*j = 2*g - 137 - 1. Calculate the remainder when j is divided by 38.
35
Suppose 5*l + 36 = 4*g, -g - 4*l = -5*g + 32. Suppose -6*d + 2*h + 96 = -3*d, g*h + 12 = 0. What is the remainder when d is divided by 16?
14
Let c(u) = 9*u. Let n be c(5). Suppose -4*m + 23 = -n. Calculate the remainder when ((-64)/6)/((-7)/21) is divided by m.
15
Let s be -98*(4 - (2 + 3)). Let z = -92 + s. What is the remainder when 26 is divided by z?
2
Suppose 9*s - v = 7*s + 78, 5*s - 4*v = 201. What is the remainder when s is divided by 62/3 + 4/(-6)?
17
Suppose -12 = -k + 4*t, 5*k - 242*t - 37 = -245*t. Let a(j) = -3*j - 4. Calculate the remainder when k is divided by a(-3).
3
Let t = 1531 + -1415. Calculate the remainder when t is divided by 41.
34
Suppose -882 = -5*s - 842. What is the remainder when 28 is divided by s?
4
Let m(c) = 6*c - 6. Let v be m(5). Let f = 26 - v. Calculate the remainder when 7 is divided by f.
1
Let h be (25/(-15) - (-2)/(-6))*-41. Suppose -l - 18 = -h. What is the remainder when l is divided by 22?
20
Calculate the remainder when ((-4)/(-6))/(-2) + 1108/12 is divided by 19.
16
Suppose -4*v + 1420 = 3*s, v - 355 = -s - 2*s. Calculate the remainder when v is divided by 30.
25
Suppose 0 = -2*g - 9 + 11. What is the remainder when (2 - g)*(53 + 5) is divided by 15?
13
Let k(f) = 71 + 8*f - f**3 + 7*f**2 - 29 - 33. Let w be (-2)/(-9) - 61/(-9). What is the remainder when k(w) is divided by 17?
14
Let y = -23 - -36. Let a(b) = -b**2 + 54*b + 48. Calculate the remainder when a(0) is divided by y.
9
Let a = -73 - -78. Suppose a*g + 15 = 5*t, g - 3*g = 4*t - 36. Calculate the remainder when 25 is divided by t.
4
Suppose -4*x + 89 = -135. What is the remainder when x is divided by (-1)/(3 + 88/(-29))?
27
Calculate the remainder when 478 is divided by (-8)/6 - ((-671)/33 - -9).
8
Let u(j) = -j**2 - 6*j + 5. Let i(l) = l**3 + 5*l**2 + 5*l - 7. Let x be i(-3). Calculate the remainder when u(x) is divided by 4.
1
Suppose 0 = 4*r + 4*x - 7*x - 43, 0 = 3*x + 15. Let a(s) = -s**2 + 8*s + 4. What is the remainder when 17 is divided by a(r)?
6
Let d(k) = -20*k**3 - k**2 + 1. Let j = -70 - -169. Calculate the remainder when j is divided by d(-1).
19
Let p(v) = 2*v + 22. Suppose -19 - 20 = 3*c. Let i be p(c). Let h = i + 22. Calculate the remainder when 33 is divided by h.
15
Suppose 17*w - 15*w = 252. Calculate the remainder when w is divided by 32.
30
Calculate the remainder when 416 is divided by (-112)/196 - (1464/(-14) + 2).
8
Let s(m) be the second deriva